{"id":13,"date":"2021-02-05T15:31:04","date_gmt":"2021-02-05T14:31:04","guid":{"rendered":"http:\/\/esthetique-beaute-luce.com\/?page_id=13"},"modified":"2025-10-03T18:43:42","modified_gmt":"2025-10-03T16:43:42","slug":"marques","status":"publish","type":"page","link":"https:\/\/esthetique-beaute-luce.com\/index.php\/marques\/","title":{"rendered":"Marques"},"content":{"rendered":"\n<p><strong>Sens &amp; Spirit<\/strong><\/p>\n\n\n<div class=\"wp-block-image\">\n<figure class=\"aligncenter size-full is-resized\"><img fetchpriority=\"high\" decoding=\"async\" width=\"401\" height=\"357\" src=\"https:\/\/esthetique-beaute-luce.com\/wp-content\/uploads\/2025\/10\/logo-sens-et-spirit.jpg\" alt=\"\" class=\"wp-image-1089\" style=\"width:674px;height:auto\" srcset=\"https:\/\/esthetique-beaute-luce.com\/wp-content\/uploads\/2025\/10\/logo-sens-et-spirit.jpg 401w, https:\/\/esthetique-beaute-luce.com\/wp-content\/uploads\/2025\/10\/logo-sens-et-spirit-300x267.jpg 300w\" sizes=\"(max-width: 401px) 100vw, 401px\" \/><\/figure>\n<\/div>\n\n\n<p>Marque Fran\u00e7aise haute qualit\u00e9 exclusivement d\u00e9di\u00e9\u00e9 aux instituts de beaut\u00e9 et aux spas, avec des soins qui r\u00e9pondent aux attentes actuelles de <strong>bien-\u00eatre<\/strong>. Sens&amp;Spirit a fait le choix d&rsquo;offrir des soins sensoriels, concentr\u00e9s en&nbsp;<strong>principes actifs naturels<\/strong>, pour satisfaire les exigences des clientes. Comme base \u00e0 tous les soins, des ingr\u00e9dients issus du meilleur de la nature qui transforment l&rsquo;exp\u00e9rience Sens&amp;Spirit en plaisir, raffinement et sensorialit\u00e9.<\/p>\n\n\n\n<p class=\"has-text-align-center\">\u2726\u2726\u2726\u2726\u2726\u2726\u2726\u2726\u2726\u2726\u2726\u2726\u2726\u2726\u2726\u2726\u2726\u2726\u2726\u2726\u2726\u2726\u2726\u2726\u2726\u2726<\/p>\n\n\n\n<p><strong>LPG Endermologi<\/strong>e<\/p>\n\n\n\n<figure class=\"wp-block-gallery has-nested-images columns-default is-cropped wp-block-gallery-1 is-layout-flex wp-block-gallery-is-layout-flex\">\n<figure class=\"wp-block-image size-large\"><img decoding=\"async\" width=\"1024\" height=\"1024\" data-id=\"577\" src=\"https:\/\/esthetique-beaute-luce.com\/wp-content\/uploads\/2021\/11\/IG-1080-1080-Femmes-1024x1024.jpg\" alt=\"\" class=\"wp-image-577\" srcset=\"https:\/\/esthetique-beaute-luce.com\/wp-content\/uploads\/2021\/11\/IG-1080-1080-Femmes-1024x1024.jpg 1024w, https:\/\/esthetique-beaute-luce.com\/wp-content\/uploads\/2021\/11\/IG-1080-1080-Femmes-300x300.jpg 300w, https:\/\/esthetique-beaute-luce.com\/wp-content\/uploads\/2021\/11\/IG-1080-1080-Femmes-150x150.jpg 150w, https:\/\/esthetique-beaute-luce.com\/wp-content\/uploads\/2021\/11\/IG-1080-1080-Femmes-768x768.jpg 768w, https:\/\/esthetique-beaute-luce.com\/wp-content\/uploads\/2021\/11\/IG-1080-1080-Femmes-100x100.jpg 100w, https:\/\/esthetique-beaute-luce.com\/wp-content\/uploads\/2021\/11\/IG-1080-1080-Femmes.jpg 1080w\" sizes=\"(max-width: 1024px) 100vw, 1024px\" \/><\/figure>\n<\/figure>\n\n\n\n<p>Depuis sa cr\u00e9ation et au travers de technologie de pointe LPG SYSTEMS a pour mission d\u2019offrir une prise en charges naturelle au niveau cellulaire, tissulaire, articulaire et musculaire. Riche de plus de 30 ans d\u2019expertise et de recherches scientifique LPG System cr\u00e9e \u00ab&nbsp;endermologie&nbsp;\u00bb&nbsp;: le seul traitement non-invasif de stimulation m\u00e9canique de la peau permettant de r\u00e9activer naturellement le m\u00e9tabolisme des cellules. <strong>Endermologie Corps <\/strong>est une technique naturelle pour se d\u00e9barrasser des graisses rebelles, qui lisse les capitons et raffermi les contours, l\u00e0 o\u00f9 vous le souhaitez. <strong>Endermologie Visage<\/strong> est un v\u00e9ritable fitness de la peau qui r\u00e9veille la synth\u00e8se naturelle des substances essentielles de jeunesse.<\/p>\n\n\n\n<p class=\"has-text-align-center\">\u2726\u2726\u2726\u2726\u2726\u2726\u2726\u2726\u2726\u2726\u2726\u2726\u2726\u2726\u2726\u2726\u2726\u2726\u2726\u2726\u2726\u2726\u2726\u2726\u2726\u2726<\/p>\n\n\n\n<p><strong>Les Douces Angevines<\/strong><\/p>\n\n\n\n<figure class=\"wp-block-gallery has-nested-images columns-default is-cropped wp-block-gallery-2 is-layout-flex wp-block-gallery-is-layout-flex\">\n<figure class=\"wp-block-image size-large\"><img decoding=\"async\" width=\"750\" height=\"728\" data-id=\"566\" src=\"https:\/\/esthetique-beaute-luce.com\/wp-content\/uploads\/2021\/11\/IMG_5213-4.jpg\" alt=\"\" class=\"wp-image-566\" srcset=\"https:\/\/esthetique-beaute-luce.com\/wp-content\/uploads\/2021\/11\/IMG_5213-4.jpg 750w, https:\/\/esthetique-beaute-luce.com\/wp-content\/uploads\/2021\/11\/IMG_5213-4-300x291.jpg 300w\" sizes=\"(max-width: 750px) 100vw, 750px\" \/><\/figure>\n<\/figure>\n\n\n\n<p>Dans leur jardin sauvage au bord du Loir, les Douces Angevines veillent \u00e0 <strong>cueillir avec respect chaque plante \u00e0 la main.<\/strong> Elles les transforment artisanalement en fluides pr\u00e9cieux avec pour seule \u00e9nergie de lentes manipulations humaines et les forces douces et dynamisantes de la lune et du soleil. Les douces Angevines s\u00e9lectionnent des extraits v\u00e9g\u00e9taux rares d\u2019une qualit\u00e9s <strong>certifi\u00e9 bio<\/strong>. L\u2019atelier des Douces Angevines est \u00e9galement un laboratoire aux id\u00e9es et innovations suivant <strong>la tradition d\u2019herboristes<\/strong> des temps m\u00e9di\u00e9vaux afin de produire des soins purs, vivifiants et respectueux de la nature.<\/p>\n\n\n\n<p class=\"has-text-align-center\">\u2726\u2726\u2726\u2726\u2726\u2726\u2726\u2726\u2726\u2726\u2726\u2726\u2726\u2726\u2726\u2726\u2726\u2726\u2726\u2726\u2726\u2726\u2726\u2726\u2726\u2726<\/p>\n\n\n\n<p><strong>Combinal<\/strong><\/p>\n\n\n\n<figure class=\"wp-block-image size-full\"><img loading=\"lazy\" decoding=\"async\" width=\"750\" height=\"416\" src=\"https:\/\/esthetique-beaute-luce.com\/wp-content\/uploads\/2021\/11\/IMG_7358.jpg\" alt=\"\" class=\"wp-image-567\" srcset=\"https:\/\/esthetique-beaute-luce.com\/wp-content\/uploads\/2021\/11\/IMG_7358.jpg 750w, https:\/\/esthetique-beaute-luce.com\/wp-content\/uploads\/2021\/11\/IMG_7358-300x166.jpg 300w\" sizes=\"(max-width: 750px) 100vw, 750px\" \/><\/figure>\n\n\n\n<p>Cr\u00e9\u00e9s depuis 1946, les laboratoires Dr Temt proposent des produits cosm\u00e9tiques professionnels avec pour objectif de mettre le savoir-faire et la passion des experts aux services de la dermo-cosmetique. La marque Dr Temt est devenue la r\u00e9f\u00e9rence en France utilis\u00e9e par les professionnels de l\u2019esth\u00e9tique en ce qui concerne la beaut\u00e9 du regard, des cils et sourcils.<\/p>\n\n\n\n<p class=\"has-text-align-center\">\u2726\u2726\u2726\u2726\u2726\u2726\u2726\u2726\u2726\u2726\u2726\u2726\u2726\u2726\u2726\u2726\u2726\u2726\u2726\u2726\u2726\u2726\u2726\u2726\u2726\u2726<\/p>\n\n\n\n<p><strong>Perron Rigot<\/strong><\/p>\n\n\n\n<figure class=\"wp-block-gallery has-nested-images columns-default is-cropped wp-block-gallery-3 is-layout-flex wp-block-gallery-is-layout-flex\">\n<figure class=\"wp-block-image size-large\"><img loading=\"lazy\" decoding=\"async\" width=\"550\" height=\"571\" data-id=\"568\" src=\"https:\/\/esthetique-beaute-luce.com\/wp-content\/uploads\/2021\/11\/IMG_7359.jpg\" alt=\"\" class=\"wp-image-568\" srcset=\"https:\/\/esthetique-beaute-luce.com\/wp-content\/uploads\/2021\/11\/IMG_7359.jpg 550w, https:\/\/esthetique-beaute-luce.com\/wp-content\/uploads\/2021\/11\/IMG_7359-289x300.jpg 289w\" sizes=\"(max-width: 550px) 100vw, 550px\" \/><\/figure>\n<\/figure>\n\n\n\n<p>Depuis 1936, Perron Rigot est un fabricant renomm\u00e9 de cires \u00e0 \u00e9piler professionnelles. Cires utilis\u00e9es par les meilleurs instituts et spa pour leur qualit\u00e9 haut de gamme et leur efficacit\u00e9 ind\u00e9niable.<\/p>\n\n\n\n<p class=\"has-text-align-center\">\u2726\u2726\u2726\u2726\u2726\u2726\u2726\u2726\u2726\u2726\u2726\u2726\u2726\u2726\u2726\u2726\u2726\u2726\u2726\u2726\u2726\u2726\u2726\u2726\u2726\u2726<\/p>\n\n\n\n<p><strong>YumiFeet<\/strong><\/p>\n\n\n\n<figure class=\"wp-block-image size-full\"><img loading=\"lazy\" decoding=\"async\" width=\"677\" height=\"661\" src=\"https:\/\/esthetique-beaute-luce.com\/wp-content\/uploads\/2021\/11\/IMG_7360.jpg\" alt=\"\" class=\"wp-image-569\" srcset=\"https:\/\/esthetique-beaute-luce.com\/wp-content\/uploads\/2021\/11\/IMG_7360.jpg 677w, https:\/\/esthetique-beaute-luce.com\/wp-content\/uploads\/2021\/11\/IMG_7360-300x293.jpg 300w\" sizes=\"(max-width: 677px) 100vw, 677px\" \/><\/figure>\n\n\n\n<p>Enti\u00e8rement con\u00e7u et fabriqu\u00e9 en France, le soin \u00ab&nbsp;De si jolis pieds&nbsp;\u00bb de la marque YumiFeet apporte une solution simple et efficace. Utilis\u00e9 par les professionnels de la beaut\u00e9, ce soin propose un r\u00e9sultat imm\u00e9diat tout en respectant des r\u00e8gles de qualit\u00e9 tr\u00e8s strictes.<\/p>\n\n\n\n<p class=\"has-text-align-center\">\u2726\u2726\u2726\u2726\u2726\u2726\u2726\u2726\u2726\u2726\u2726\u2726\u2726\u2726\u2726\u2726\u2726\u2726\u2726\u2726\u2726\u2726\u2726\u2726\u2726\u2726<\/p>\n","protected":false},"excerpt":{"rendered":"<p>Sens &amp; Spirit Marque Fran\u00e7aise haute qualit\u00e9 exclusivement d\u00e9di\u00e9\u00e9 aux instituts de beaut\u00e9 et aux spas, avec des soins qui r\u00e9pondent aux attentes actuelles de bien-\u00eatre. Sens&amp;Spirit a fait le &hellip; <\/p>\n","protected":false},"author":1,"featured_media":0,"parent":0,"menu_order":0,"comment_status":"closed","ping_status":"closed","template":"","meta":{"_uag_custom_page_level_css":"","footnotes":""},"class_list":["post-13","page","type-page","status-publish","hentry"],"uagb_featured_image_src":{"full":false,"thumbnail":false,"medium":false,"medium_large":false,"large":false,"1536x1536":false,"2048x2048":false,"blossom-spa-single":false,"blossom-spa-service":false,"blossom-spa-team":false,"blossom-spa-pagination":false,"blossom-spa-blog-list":false,"blossom-spa-blog-classic":false,"blossom-spa-blog-classic-full":false,"blossom-spa-related":false},"uagb_author_info":{"display_name":"admin1827","author_link":"https:\/\/esthetique-beaute-luce.com\/index.php\/author\/admin1827\/"},"uagb_comment_info":0,"uagb_excerpt":"Sens &amp; Spirit Marque Fran\u00e7aise haute qualit\u00e9 exclusivement d\u00e9di\u00e9\u00e9 aux instituts de beaut\u00e9 et aux spas, avec des soins qui r\u00e9pondent aux attentes actuelles de bien-\u00eatre. Sens&amp;Spirit a fait le &hellip;","_links":{"self":[{"href":"https:\/\/esthetique-beaute-luce.com\/index.php\/wp-json\/wp\/v2\/pages\/13","targetHints":{"allow":["GET"]}}],"collection":[{"href":"https:\/\/esthetique-beaute-luce.com\/index.php\/wp-json\/wp\/v2\/pages"}],"about":[{"href":"https:\/\/esthetique-beaute-luce.com\/index.php\/wp-json\/wp\/v2\/types\/page"}],"author":[{"embeddable":true,"href":"https:\/\/esthetique-beaute-luce.com\/index.php\/wp-json\/wp\/v2\/users\/1"}],"replies":[{"embeddable":true,"href":"https:\/\/esthetique-beaute-luce.com\/index.php\/wp-json\/wp\/v2\/comments?post=13"}],"version-history":[{"count":17,"href":"https:\/\/esthetique-beaute-luce.com\/index.php\/wp-json\/wp\/v2\/pages\/13\/revisions"}],"predecessor-version":[{"id":1161,"href":"https:\/\/esthetique-beaute-luce.com\/index.php\/wp-json\/wp\/v2\/pages\/13\/revisions\/1161"}],"wp:attachment":[{"href":"https:\/\/esthetique-beaute-luce.com\/index.php\/wp-json\/wp\/v2\/media?parent=13"}],"curies":[{"name":"wp","href":"https:\/\/api.w.org\/{rel}","templated":true}]}}

<p><strong>Sens &amp; Spirit</strong></p>


<div class="wp-block-image">
<figure class="aligncenter size-full is-resized"><img fetchpriority="high" decoding="async" width="401" height="357" src="https://esthetique-beaute-luce.com/wp-content/uploads/2025/10/logo-sens-et-spirit.jpg" alt="" class="wp-image-1089" style="width:674px;height:auto" srcset="https://esthetique-beaute-luce.com/wp-content/uploads/2025/10/logo-sens-et-spirit.jpg 401w, https://esthetique-beaute-luce.com/wp-content/uploads/2025/10/logo-sens-et-spirit-300x267.jpg 300w" sizes="(max-width: 401px) 100vw, 401px" /></figure>
</div>


<p>Marque Française haute qualité exclusivement dédiéé aux instituts de beauté et aux spas, avec des soins qui répondent aux attentes actuelles de <strong>bien-être</strong>. Sens&amp;Spirit a fait le choix d&rsquo;offrir des soins sensoriels, concentrés en&nbsp;<strong>principes actifs naturels</strong>, pour satisfaire les exigences des clientes. Comme base à tous les soins, des ingrédients issus du meilleur de la nature qui transforment l&rsquo;expérience Sens&amp;Spirit en plaisir, raffinement et sensorialité.</p>



<p class="has-text-align-center">✦✦✦✦✦✦✦✦✦✦✦✦✦✦✦✦✦✦✦✦✦✦✦✦✦✦</p>



<p><strong>LPG Endermologi</strong>e</p>



<figure class="wp-block-gallery has-nested-images columns-default is-cropped wp-block-gallery-1 is-layout-flex wp-block-gallery-is-layout-flex">
<figure class="wp-block-image size-large"><img decoding="async" width="1024" height="1024" data-id="577" src="https://esthetique-beaute-luce.com/wp-content/uploads/2021/11/IG-1080-1080-Femmes-1024x1024.jpg" alt="" class="wp-image-577" srcset="https://esthetique-beaute-luce.com/wp-content/uploads/2021/11/IG-1080-1080-Femmes-1024x1024.jpg 1024w, https://esthetique-beaute-luce.com/wp-content/uploads/2021/11/IG-1080-1080-Femmes-300x300.jpg 300w, https://esthetique-beaute-luce.com/wp-content/uploads/2021/11/IG-1080-1080-Femmes-150x150.jpg 150w, https://esthetique-beaute-luce.com/wp-content/uploads/2021/11/IG-1080-1080-Femmes-768x768.jpg 768w, https://esthetique-beaute-luce.com/wp-content/uploads/2021/11/IG-1080-1080-Femmes-100x100.jpg 100w, https://esthetique-beaute-luce.com/wp-content/uploads/2021/11/IG-1080-1080-Femmes.jpg 1080w" sizes="(max-width: 1024px) 100vw, 1024px" /></figure>
</figure>



<p>Depuis sa création et au travers de technologie de pointe LPG SYSTEMS a pour mission d’offrir une prise en charges naturelle au niveau cellulaire, tissulaire, articulaire et musculaire. Riche de plus de 30 ans d’expertise et de recherches scientifique LPG System crée «&nbsp;endermologie&nbsp;»&nbsp;: le seul traitement non-invasif de stimulation mécanique de la peau permettant de réactiver naturellement le métabolisme des cellules. <strong>Endermologie Corps </strong>est une technique naturelle pour se débarrasser des graisses rebelles, qui lisse les capitons et raffermi les contours, là où vous le souhaitez. <strong>Endermologie Visage</strong> est un véritable fitness de la peau qui réveille la synthèse naturelle des substances essentielles de jeunesse.</p>



<p class="has-text-align-center">✦✦✦✦✦✦✦✦✦✦✦✦✦✦✦✦✦✦✦✦✦✦✦✦✦✦</p>



<p><strong>Les Douces Angevines</strong></p>



<figure class="wp-block-gallery has-nested-images columns-default is-cropped wp-block-gallery-2 is-layout-flex wp-block-gallery-is-layout-flex">
<figure class="wp-block-image size-large"><img decoding="async" width="750" height="728" data-id="566" src="https://esthetique-beaute-luce.com/wp-content/uploads/2021/11/IMG_5213-4.jpg" alt="" class="wp-image-566" srcset="https://esthetique-beaute-luce.com/wp-content/uploads/2021/11/IMG_5213-4.jpg 750w, https://esthetique-beaute-luce.com/wp-content/uploads/2021/11/IMG_5213-4-300x291.jpg 300w" sizes="(max-width: 750px) 100vw, 750px" /></figure>
</figure>



<p>Dans leur jardin sauvage au bord du Loir, les Douces Angevines veillent à <strong>cueillir avec respect chaque plante à la main.</strong> Elles les transforment artisanalement en fluides précieux avec pour seule énergie de lentes manipulations humaines et les forces douces et dynamisantes de la lune et du soleil. Les douces Angevines sélectionnent des extraits végétaux rares d’une qualités <strong>certifié bio</strong>. L’atelier des Douces Angevines est également un laboratoire aux idées et innovations suivant <strong>la tradition d’herboristes</strong> des temps médiévaux afin de produire des soins purs, vivifiants et respectueux de la nature.</p>



<p class="has-text-align-center">✦✦✦✦✦✦✦✦✦✦✦✦✦✦✦✦✦✦✦✦✦✦✦✦✦✦</p>



<p><strong>Combinal</strong></p>



<figure class="wp-block-image size-full"><img loading="lazy" decoding="async" width="750" height="416" src="https://esthetique-beaute-luce.com/wp-content/uploads/2021/11/IMG_7358.jpg" alt="" class="wp-image-567" srcset="https://esthetique-beaute-luce.com/wp-content/uploads/2021/11/IMG_7358.jpg 750w, https://esthetique-beaute-luce.com/wp-content/uploads/2021/11/IMG_7358-300x166.jpg 300w" sizes="(max-width: 750px) 100vw, 750px" /></figure>



<p>Créés depuis 1946, les laboratoires Dr Temt proposent des produits cosmétiques professionnels avec pour objectif de mettre le savoir-faire et la passion des experts aux services de la dermo-cosmetique. La marque Dr Temt est devenue la référence en France utilisée par les professionnels de l’esthétique en ce qui concerne la beauté du regard, des cils et sourcils.</p>



<p class="has-text-align-center">✦✦✦✦✦✦✦✦✦✦✦✦✦✦✦✦✦✦✦✦✦✦✦✦✦✦</p>



<p><strong>Perron Rigot</strong></p>



<figure class="wp-block-gallery has-nested-images columns-default is-cropped wp-block-gallery-3 is-layout-flex wp-block-gallery-is-layout-flex">
<figure class="wp-block-image size-large"><img loading="lazy" decoding="async" width="550" height="571" data-id="568" src="https://esthetique-beaute-luce.com/wp-content/uploads/2021/11/IMG_7359.jpg" alt="" class="wp-image-568" srcset="https://esthetique-beaute-luce.com/wp-content/uploads/2021/11/IMG_7359.jpg 550w, https://esthetique-beaute-luce.com/wp-content/uploads/2021/11/IMG_7359-289x300.jpg 289w" sizes="(max-width: 550px) 100vw, 550px" /></figure>
</figure>



<p>Depuis 1936, Perron Rigot est un fabricant renommé de cires à épiler professionnelles. Cires utilisées par les meilleurs instituts et spa pour leur qualité haut de gamme et leur efficacité indéniable.</p>



<p class="has-text-align-center">✦✦✦✦✦✦✦✦✦✦✦✦✦✦✦✦✦✦✦✦✦✦✦✦✦✦</p>



<p><strong>YumiFeet</strong></p>



<figure class="wp-block-image size-full"><img loading="lazy" decoding="async" width="677" height="661" src="https://esthetique-beaute-luce.com/wp-content/uploads/2021/11/IMG_7360.jpg" alt="" class="wp-image-569" srcset="https://esthetique-beaute-luce.com/wp-content/uploads/2021/11/IMG_7360.jpg 677w, https://esthetique-beaute-luce.com/wp-content/uploads/2021/11/IMG_7360-300x293.jpg 300w" sizes="(max-width: 677px) 100vw, 677px" /></figure>



<p>Entièrement conçu et fabriqué en France, le soin «&nbsp;De si jolis pieds&nbsp;» de la marque YumiFeet apporte une solution simple et efficace. Utilisé par les professionnels de la beauté, ce soin propose un résultat immédiat tout en respectant des règles de qualité très strictes.</p>



<p class="has-text-align-center">✦✦✦✦✦✦✦✦✦✦✦✦✦✦✦✦✦✦✦✦✦✦✦✦✦✦</p>

<p>Sens &amp; Spirit Marque Française haute qualité exclusivement dédiéé aux instituts de beauté et aux spas, avec des soins qui répondent aux attentes actuelles de bien-être. Sens&amp;Spirit a fait le &hellip; </p>

Sens &amp; Spirit Marque Française haute qualité exclusivement dédiéé aux instituts de beauté et aux spas, avec des soins qui répondent aux attentes actuelles de bien-être. Sens&amp;Spirit a fait le &hellip;
