{"id":319,"date":"2021-10-13T18:33:15","date_gmt":"2021-10-13T16:33:15","guid":{"rendered":"http:\/\/esthetique-beaute-luce.com\/?page_id=319"},"modified":"2026-03-17T17:37:01","modified_gmt":"2026-03-17T16:37:01","slug":"soins-endermologie-visage-lpg","status":"publish","type":"page","link":"https:\/\/esthetique-beaute-luce.com\/index.php\/soins-endermologie-visage-lpg\/","title":{"rendered":"LPG visage endermolift  &#8211; Fitness de la peau"},"content":{"rendered":"\n<p>Gr\u00e2ce \u00e0 ses clapets motoris\u00e9s, la t\u00eate de soin endermolift d\u00e9livre une stimulation multi-dimentionnelle \u00e0 la surface de la peau pour :<\/p>\n\n\n\n<ol class=\"wp-block-list\">\n<li>Combler les rides <\/li>\n\n\n\n<li>Raffermir la peau<\/li>\n\n\n\n<li>Clarifier le tein<\/li>\n\n\n\n<li>D\u00e9toscker le double menton<\/li>\n<\/ol>\n\n\n\n<figure class=\"wp-block-image size-full\"><img fetchpriority=\"high\" decoding=\"async\" width=\"750\" height=\"546\" src=\"https:\/\/esthetique-beaute-luce.com\/wp-content\/uploads\/2025\/10\/IMG_0384.jpg\" alt=\"\" class=\"wp-image-1194\" srcset=\"https:\/\/esthetique-beaute-luce.com\/wp-content\/uploads\/2025\/10\/IMG_0384.jpg 750w, https:\/\/esthetique-beaute-luce.com\/wp-content\/uploads\/2025\/10\/IMG_0384-300x218.jpg 300w\" sizes=\"(max-width: 750px) 100vw, 750px\" \/><\/figure>\n\n\n\n<p class=\"has-text-align-center\"><em>Cliquez sur les menus d\u00e9roulants pour voir le d\u00e9tail<\/em> des soins<\/p>\n\n\n\n<details class=\"wp-block-details is-layout-flow wp-block-details-is-layout-flow\"><summary><strong>Soin visage \u00e9clat 20mn  : 35\u20ac<\/strong><\/summary>\n<p>Ce soin relance la microcirculation et oxyg\u00e8ne la peau pour un effet bonne mine imm\u00e9diat, un coup d&rsquo;\u00e9clat rapide au fil des saisons ou avant une occasion sp\u00e9ciale.<\/p>\n<\/details>\n\n\n\n<p class=\"has-text-align-center\">*****************************************<\/p>\n\n\n\n<details class=\"wp-block-details is-layout-flow wp-block-details-is-layout-flow\"><summary><strong>Soin visage d\u00e9tox 25mn  : 40\u20ac<\/strong><\/summary>\n<p>D\u00e9congestionne le contour des yeux et draine les toxines pour un teint uniforme, un soin id\u00e9al pour les visages marqu\u00e9s par les signes de fatigue.<\/p>\n<\/details>\n\n\n\n<p class=\"has-text-align-center\">*****************************************<\/p>\n\n\n\n<details class=\"wp-block-details is-layout-flow wp-block-details-is-layout-flow\"><summary><strong>Soin d\u00e9collet\u00e9 &amp; buste 30mn : 45\u20ac<\/strong><\/summary>\n<p>Repulp\u00e9 et intens\u00e9ment hydrat\u00e9 de l&rsquo;int\u00e9rieur, le d\u00e9collet\u00e9 est v\u00e9ritablement d\u00e9froiss\u00e9. La poitrine, plus ferme et rebondie, retrouve son galbe.<\/p>\n<\/details>\n\n\n\n<p class=\"has-text-align-center\">*****************************************<\/p>\n\n\n\n<details class=\"wp-block-details is-layout-flow wp-block-details-is-layout-flow\"><summary><strong>Soin anti-\u00e2ge fermet\u00e9 35mn  : 55\u20ac<\/strong><\/summary>\n<p>Redonne de la densit\u00e9 \u00e0 la peau tout en comblant de l&rsquo;int\u00e9rieur les rides et ridules. Le regard est plus ouvert, la peau redevient plus souple pour un v\u00e9ritable \u00ab\u00a0effet lifting\u00a0\u00bb.<\/p>\n<\/details>\n\n\n\n<p class=\"has-text-align-center\">*****************************************<\/p>\n\n\n\n<details class=\"wp-block-details is-layout-flow wp-block-details-is-layout-flow\"><summary><strong>Soin anti-\u00e2ge affinant 35mn  : 55\u20ac<\/strong><\/summary>\n<p>Le visage est visiblement affin\u00e9, le double menton est estomp\u00e9. Les contours de l&rsquo;ovale sont raffermis er redessin\u00e9s.<\/p>\n\n\n\n<p class=\"has-text-align-center\">*****************************************<\/p>\n\n\n\n<details class=\"wp-block-details is-layout-flow wp-block-details-is-layout-flow\"><summary><strong>Soin anti-\u00e2ge repulpant 35mn  : 55\u20ac<\/strong><\/summary>\n<p>Le visage retrouve des volumes harmonieux, la peau est repulp\u00e9e et hydrat\u00e9e en profondeur, les rides et ridules sont liss\u00e9es.<\/p>\n<\/details>\n<\/details>\n\n\n\n<p class=\"has-text-align-center\">*****************************************<\/p>\n\n\n\n<details class=\"wp-block-details is-layout-flow wp-block-details-is-layout-flow\"><summary><strong>Soin anti-\u00e2ge repulpant 35mn  : 55\u20ac<\/strong><\/summary>\n<p>Le visage retrouve des volumes harmonieux, la peau est repulp\u00e9e et hydrat\u00e9e en profondeur, les rides et ridules sont liss\u00e9es.<\/p>\n<\/details>\n\n\n\n<p class=\"has-text-align-center\">*****************************************<\/p>\n\n\n\n<details class=\"wp-block-details is-layout-flow wp-block-details-is-layout-flow\"><summary><strong>Soin zones 15mn : 25\u20ac<\/strong><\/summary>\n<ul class=\"wp-block-list\">\n<li>Front<\/li>\n\n\n\n<li>Regard anti-rides<\/li>\n\n\n\n<li>Regard poches &amp; cernes<\/li>\n\n\n\n<li>Bouche<\/li>\n\n\n\n<li>Double menton<\/li>\n\n\n\n<li>Ovale<\/li>\n\n\n\n<li>Cou<\/li>\n\n\n\n<li>D\u00e9collet\u00e9,<\/li>\n\n\n\n<li>Mains<\/li>\n<\/ul>\n<\/details>\n\n\n\n<p class=\"has-text-align-center\">*****************************************<\/p>\n\n\n\n<div class=\"wp-block-columns is-layout-flex wp-container-core-columns-is-layout-28f84493 wp-block-columns-is-layout-flex\">\n<div class=\"wp-block-column is-layout-flow wp-block-column-is-layout-flow\">\n<figure class=\"wp-block-image size-full is-style-default\"><img decoding=\"async\" width=\"750\" height=\"926\" src=\"https:\/\/esthetique-beaute-luce.com\/wp-content\/uploads\/2021\/11\/IMG_7422.jpg\" alt=\"\" class=\"wp-image-613\" srcset=\"https:\/\/esthetique-beaute-luce.com\/wp-content\/uploads\/2021\/11\/IMG_7422.jpg 750w, https:\/\/esthetique-beaute-luce.com\/wp-content\/uploads\/2021\/11\/IMG_7422-243x300.jpg 243w\" sizes=\"(max-width: 750px) 100vw, 750px\" \/><\/figure>\n<\/div>\n\n\n\n<div class=\"wp-block-column is-layout-flow wp-block-column-is-layout-flow\">\n<figure class=\"wp-block-image size-full\"><img decoding=\"async\" width=\"750\" height=\"949\" src=\"https:\/\/esthetique-beaute-luce.com\/wp-content\/uploads\/2021\/11\/IMG_7423.jpg\" alt=\"\" class=\"wp-image-614\" srcset=\"https:\/\/esthetique-beaute-luce.com\/wp-content\/uploads\/2021\/11\/IMG_7423.jpg 750w, https:\/\/esthetique-beaute-luce.com\/wp-content\/uploads\/2021\/11\/IMG_7423-237x300.jpg 237w\" sizes=\"(max-width: 750px) 100vw, 750px\" \/><\/figure>\n<\/div>\n\n\n\n<div class=\"wp-block-column is-layout-flow wp-block-column-is-layout-flow\">\n<figure class=\"wp-block-image size-full\"><img loading=\"lazy\" decoding=\"async\" width=\"750\" height=\"946\" src=\"https:\/\/esthetique-beaute-luce.com\/wp-content\/uploads\/2021\/11\/IMG_7425.jpg\" alt=\"\" class=\"wp-image-615\" srcset=\"https:\/\/esthetique-beaute-luce.com\/wp-content\/uploads\/2021\/11\/IMG_7425.jpg 750w, https:\/\/esthetique-beaute-luce.com\/wp-content\/uploads\/2021\/11\/IMG_7425-238x300.jpg 238w\" sizes=\"(max-width: 750px) 100vw, 750px\" \/><\/figure>\n<\/div>\n<\/div>\n","protected":false},"excerpt":{"rendered":"<p>Gr\u00e2ce \u00e0 ses clapets motoris\u00e9s, la t\u00eate de soin endermolift d\u00e9livre une stimulation multi-dimentionnelle \u00e0 la surface de la peau pour : Cliquez sur les menus d\u00e9roulants pour voir le &hellip; <\/p>\n","protected":false},"author":1,"featured_media":0,"parent":0,"menu_order":0,"comment_status":"closed","ping_status":"closed","template":"","meta":{"_uag_custom_page_level_css":"","footnotes":""},"class_list":["post-319","page","type-page","status-publish","hentry"],"uagb_featured_image_src":{"full":false,"thumbnail":false,"medium":false,"medium_large":false,"large":false,"1536x1536":false,"2048x2048":false,"blossom-spa-single":false,"blossom-spa-service":false,"blossom-spa-team":false,"blossom-spa-pagination":false,"blossom-spa-blog-list":false,"blossom-spa-blog-classic":false,"blossom-spa-blog-classic-full":false,"blossom-spa-related":false},"uagb_author_info":{"display_name":"admin1827","author_link":"https:\/\/esthetique-beaute-luce.com\/index.php\/author\/admin1827\/"},"uagb_comment_info":0,"uagb_excerpt":"Gr\u00e2ce \u00e0 ses clapets motoris\u00e9s, la t\u00eate de soin endermolift d\u00e9livre une stimulation multi-dimentionnelle \u00e0 la surface de la peau pour : Cliquez sur les menus d\u00e9roulants pour voir le &hellip;","_links":{"self":[{"href":"https:\/\/esthetique-beaute-luce.com\/index.php\/wp-json\/wp\/v2\/pages\/319","targetHints":{"allow":["GET"]}}],"collection":[{"href":"https:\/\/esthetique-beaute-luce.com\/index.php\/wp-json\/wp\/v2\/pages"}],"about":[{"href":"https:\/\/esthetique-beaute-luce.com\/index.php\/wp-json\/wp\/v2\/types\/page"}],"author":[{"embeddable":true,"href":"https:\/\/esthetique-beaute-luce.com\/index.php\/wp-json\/wp\/v2\/users\/1"}],"replies":[{"embeddable":true,"href":"https:\/\/esthetique-beaute-luce.com\/index.php\/wp-json\/wp\/v2\/comments?post=319"}],"version-history":[{"count":28,"href":"https:\/\/esthetique-beaute-luce.com\/index.php\/wp-json\/wp\/v2\/pages\/319\/revisions"}],"predecessor-version":[{"id":1231,"href":"https:\/\/esthetique-beaute-luce.com\/index.php\/wp-json\/wp\/v2\/pages\/319\/revisions\/1231"}],"wp:attachment":[{"href":"https:\/\/esthetique-beaute-luce.com\/index.php\/wp-json\/wp\/v2\/media?parent=319"}],"curies":[{"name":"wp","href":"https:\/\/api.w.org\/{rel}","templated":true}]}}

<p>Grâce à ses clapets motorisés, la tête de soin endermolift délivre une stimulation multi-dimentionnelle à la surface de la peau pour :</p>



<ol class="wp-block-list">
<li>Combler les rides </li>



<li>Raffermir la peau</li>



<li>Clarifier le tein</li>



<li>Détoscker le double menton</li>
</ol>



<figure class="wp-block-image size-full"><img fetchpriority="high" decoding="async" width="750" height="546" src="https://esthetique-beaute-luce.com/wp-content/uploads/2025/10/IMG_0384.jpg" alt="" class="wp-image-1194" srcset="https://esthetique-beaute-luce.com/wp-content/uploads/2025/10/IMG_0384.jpg 750w, https://esthetique-beaute-luce.com/wp-content/uploads/2025/10/IMG_0384-300x218.jpg 300w" sizes="(max-width: 750px) 100vw, 750px" /></figure>



<p class="has-text-align-center"><em>Cliquez sur les menus déroulants pour voir le détail</em> des soins</p>



<details class="wp-block-details is-layout-flow wp-block-details-is-layout-flow"><summary><strong>Soin visage éclat 20mn  : 35€</strong></summary>
<p>Ce soin relance la microcirculation et oxygène la peau pour un effet bonne mine immédiat, un coup d&rsquo;éclat rapide au fil des saisons ou avant une occasion spéciale.</p>
</details>



<p class="has-text-align-center">*****************************************</p>



<details class="wp-block-details is-layout-flow wp-block-details-is-layout-flow"><summary><strong>Soin visage détox 25mn  : 40€</strong></summary>
<p>Décongestionne le contour des yeux et draine les toxines pour un teint uniforme, un soin idéal pour les visages marqués par les signes de fatigue.</p>
</details>



<p class="has-text-align-center">*****************************************</p>



<details class="wp-block-details is-layout-flow wp-block-details-is-layout-flow"><summary><strong>Soin décolleté &amp; buste 30mn : 45€</strong></summary>
<p>Repulpé et intensément hydraté de l&rsquo;intérieur, le décolleté est véritablement défroissé. La poitrine, plus ferme et rebondie, retrouve son galbe.</p>
</details>



<p class="has-text-align-center">*****************************************</p>



<details class="wp-block-details is-layout-flow wp-block-details-is-layout-flow"><summary><strong>Soin anti-âge fermeté 35mn  : 55€</strong></summary>
<p>Redonne de la densité à la peau tout en comblant de l&rsquo;intérieur les rides et ridules. Le regard est plus ouvert, la peau redevient plus souple pour un véritable « effet lifting ».</p>
</details>



<p class="has-text-align-center">*****************************************</p>



<details class="wp-block-details is-layout-flow wp-block-details-is-layout-flow"><summary><strong>Soin anti-âge affinant 35mn  : 55€</strong></summary>
<p>Le visage est visiblement affiné, le double menton est estompé. Les contours de l&rsquo;ovale sont raffermis er redessinés.</p>



<p class="has-text-align-center">*****************************************</p>



<details class="wp-block-details is-layout-flow wp-block-details-is-layout-flow"><summary><strong>Soin anti-âge repulpant 35mn  : 55€</strong></summary>
<p>Le visage retrouve des volumes harmonieux, la peau est repulpée et hydratée en profondeur, les rides et ridules sont lissées.</p>
</details>
</details>



<p class="has-text-align-center">*****************************************</p>



<details class="wp-block-details is-layout-flow wp-block-details-is-layout-flow"><summary><strong>Soin anti-âge repulpant 35mn  : 55€</strong></summary>
<p>Le visage retrouve des volumes harmonieux, la peau est repulpée et hydratée en profondeur, les rides et ridules sont lissées.</p>
</details>



<p class="has-text-align-center">*****************************************</p>



<details class="wp-block-details is-layout-flow wp-block-details-is-layout-flow"><summary><strong>Soin zones 15mn : 25€</strong></summary>
<ul class="wp-block-list">
<li>Front</li>



<li>Regard anti-rides</li>



<li>Regard poches &amp; cernes</li>



<li>Bouche</li>



<li>Double menton</li>



<li>Ovale</li>



<li>Cou</li>



<li>Décolleté,</li>



<li>Mains</li>
</ul>
</details>



<p class="has-text-align-center">*****************************************</p>



<div class="wp-block-columns is-layout-flex wp-container-core-columns-is-layout-28f84493 wp-block-columns-is-layout-flex">
<div class="wp-block-column is-layout-flow wp-block-column-is-layout-flow">
<figure class="wp-block-image size-full is-style-default"><img decoding="async" width="750" height="926" src="https://esthetique-beaute-luce.com/wp-content/uploads/2021/11/IMG_7422.jpg" alt="" class="wp-image-613" srcset="https://esthetique-beaute-luce.com/wp-content/uploads/2021/11/IMG_7422.jpg 750w, https://esthetique-beaute-luce.com/wp-content/uploads/2021/11/IMG_7422-243x300.jpg 243w" sizes="(max-width: 750px) 100vw, 750px" /></figure>
</div>



<div class="wp-block-column is-layout-flow wp-block-column-is-layout-flow">
<figure class="wp-block-image size-full"><img decoding="async" width="750" height="949" src="https://esthetique-beaute-luce.com/wp-content/uploads/2021/11/IMG_7423.jpg" alt="" class="wp-image-614" srcset="https://esthetique-beaute-luce.com/wp-content/uploads/2021/11/IMG_7423.jpg 750w, https://esthetique-beaute-luce.com/wp-content/uploads/2021/11/IMG_7423-237x300.jpg 237w" sizes="(max-width: 750px) 100vw, 750px" /></figure>
</div>



<div class="wp-block-column is-layout-flow wp-block-column-is-layout-flow">
<figure class="wp-block-image size-full"><img loading="lazy" decoding="async" width="750" height="946" src="https://esthetique-beaute-luce.com/wp-content/uploads/2021/11/IMG_7425.jpg" alt="" class="wp-image-615" srcset="https://esthetique-beaute-luce.com/wp-content/uploads/2021/11/IMG_7425.jpg 750w, https://esthetique-beaute-luce.com/wp-content/uploads/2021/11/IMG_7425-238x300.jpg 238w" sizes="(max-width: 750px) 100vw, 750px" /></figure>
</div>
</div>

<p>Grâce à ses clapets motorisés, la tête de soin endermolift délivre une stimulation multi-dimentionnelle à la surface de la peau pour : Cliquez sur les menus déroulants pour voir le &hellip; </p>

Grâce à ses clapets motorisés, la tête de soin endermolift délivre une stimulation multi-dimentionnelle à la surface de la peau pour : Cliquez sur les menus déroulants pour voir le &hellip;
